{"id":660,"date":"2024-05-15T12:32:31","date_gmt":"2024-05-15T12:32:31","guid":{"rendered":"https:\/\/www.grueneschulebasel.ch\/?page_id=660"},"modified":"2024-05-15T13:05:53","modified_gmt":"2024-05-15T13:05:53","slug":"leitbild","status":"publish","type":"page","link":"https:\/\/www.grueneschulebasel.ch\/wordpress\/home\/leitbild\/","title":{"rendered":"Leitbild"},"content":{"rendered":"\n<figure class=\"wp-block-image size-large\"><a href=\"https:\/\/www.grueneschulebasel.ch\/wordpress\/wp-content\/uploads\/2024\/05\/7804525-2.jpg\"><img loading=\"lazy\" decoding=\"async\" width=\"1024\" height=\"824\" src=\"https:\/\/www.grueneschulebasel.ch\/wordpress\/wp-content\/uploads\/2024\/05\/7804525-2-1024x824.jpg\" alt=\"\" class=\"wp-image-679\" srcset=\"https:\/\/www.grueneschulebasel.ch\/wordpress\/wp-content\/uploads\/2024\/05\/7804525-2-1024x824.jpg 1024w, https:\/\/www.grueneschulebasel.ch\/wordpress\/wp-content\/uploads\/2024\/05\/7804525-2-300x242.jpg 300w, https:\/\/www.grueneschulebasel.ch\/wordpress\/wp-content\/uploads\/2024\/05\/7804525-2-768x618.jpg 768w, https:\/\/www.grueneschulebasel.ch\/wordpress\/wp-content\/uploads\/2024\/05\/7804525-2.jpg 1267w\" sizes=\"auto, (max-width: 1024px) 100vw, 1024px\" \/><\/a><\/figure>\n\n\n\n<p>Die Gr\u00fcne Schule Basel macht konkrete Umweltbildung mit lebendigen Pflanzen und viel Anschauungsmaterial, was im Zentrum der heutigen Bildungslandschaft steht.<br>Der Verein stellt sich zur Aufgabe, Kinder und Jugendliche in die kostbare Pflanzenwelt des Botanischen Gartens am Spalentor zu begleiten, das Entdecken und Erlernen von \u00f6kologischen Zusammenh\u00e4ngen zu f\u00f6rdern, Wissen erlebbar zu machen und die F\u00f6rderung, Koordination und Weiterentwicklung der Umweltbildung in der Region zu unterst\u00fctzen.<br>F\u00fcr die j\u00e4hrlichen 60&#8217;000 BesucherInnen im Botanische Garten Basel gab es fr\u00fcher kaum Veranstaltungen f\u00fcr Kinder und Jugendliche. Um diese L\u00fccke zu f\u00fcllen, wurde der &#8216;Verein Gr\u00fcne Schule Basel&#8217; gebildet. Seit 2004 erschliesst die Gr\u00fcne Schule Basel den Botanischen Garten f\u00fcr Schulklassen und private Kindergruppen p\u00e4dagogisch. Wir nutzen das dort versammelte Wissen und die Sch\u00f6nheit, um Begeisterung und Interesse f\u00fcr die Pflanzenwelt zu wecken. Der ausgezeichneter Lernort im Botanischer Garten Basel erm\u00f6glicht uns eine f\u00e4cher\u00fcbergreifende Umweltbildung anzubieten. Auf engstem Raum gedeihen 7&#8217;500\u20138&#8217;000 Pflanzenarten, mit denen man sich auf eine Reise in fast alle Zonen der Welt begibt. Nur wenige Schritte trennen das Alpinum vom Tropenwald oder diesen vom Kakteenhaus.<\/p>\n","protected":false},"excerpt":{"rendered":"<p>Die Gr\u00fcne Schule Basel macht konkrete Umweltbildung mit lebendigen Pflanzen und viel Anschauungsmaterial, was im Zentrum der heutigen Bildungslandschaft steht.Der Verein stellt sich zur Aufgabe, Kinder und Jugendliche in die kostbare Pflanzenwelt des Botanischen Gartens am Spalentor zu begleiten, das <a href=\"https:\/\/www.grueneschulebasel.ch\/wordpress\/home\/leitbild\/\"> Read more&#8230;<\/a><\/p>\n","protected":false},"author":4,"featured_media":0,"parent":6,"menu_order":0,"comment_status":"closed","ping_status":"closed","template":"","meta":{"footnotes":""},"class_list":["post-660","page","type-page","status-publish","hentry"],"_links":{"self":[{"href":"https:\/\/www.grueneschulebasel.ch\/wordpress\/wp-json\/wp\/v2\/pages\/660","targetHints":{"allow":["GET"]}}],"collection":[{"href":"https:\/\/www.grueneschulebasel.ch\/wordpress\/wp-json\/wp\/v2\/pages"}],"about":[{"href":"https:\/\/www.grueneschulebasel.ch\/wordpress\/wp-json\/wp\/v2\/types\/page"}],"author":[{"embeddable":true,"href":"https:\/\/www.grueneschulebasel.ch\/wordpress\/wp-json\/wp\/v2\/users\/4"}],"replies":[{"embeddable":true,"href":"https:\/\/www.grueneschulebasel.ch\/wordpress\/wp-json\/wp\/v2\/comments?post=660"}],"version-history":[{"count":2,"href":"https:\/\/www.grueneschulebasel.ch\/wordpress\/wp-json\/wp\/v2\/pages\/660\/revisions"}],"predecessor-version":[{"id":680,"href":"https:\/\/www.grueneschulebasel.ch\/wordpress\/wp-json\/wp\/v2\/pages\/660\/revisions\/680"}],"up":[{"embeddable":true,"href":"https:\/\/www.grueneschulebasel.ch\/wordpress\/wp-json\/wp\/v2\/pages\/6"}],"wp:attachment":[{"href":"https:\/\/www.grueneschulebasel.ch\/wordpress\/wp-json\/wp\/v2\/media?parent=660"}],"curies":[{"name":"wp","href":"https:\/\/api.w.org\/{rel}","templated":true}]}}